{"id":160,"date":"2010-02-02T20:34:16","date_gmt":"2010-02-02T19:34:16","guid":{"rendered":"http:\/\/www.elmer-herzig.de\/?page_id=160"},"modified":"2024-09-25T14:55:05","modified_gmt":"2024-09-25T13:55:05","slug":"inhalt","status":"publish","type":"page","link":"https:\/\/elmer-herzig.de\/","title":{"rendered":"Inhalt"},"content":{"rendered":"<h3><img loading=\"lazy\" decoding=\"async\" class=\"alignright size-full wp-image-338\" src=\"http:\/\/www.elmer-herzig.de\/wp-content\/uploads\/2017\/05\/Konrad-auf-Dach.jpg\" alt=\"\" width=\"451\" height=\"600\" srcset=\"https:\/\/elmer-herzig.de\/wp-content\/uploads\/2017\/05\/Konrad-auf-Dach.jpg 451w, https:\/\/elmer-herzig.de\/wp-content\/uploads\/2017\/05\/Konrad-auf-Dach-226x300.jpg 226w\" sizes=\"(max-width: 451px) 100vw, 451px\" \/><\/h3>\n<h1>\u00d6kologisches<\/h1>\n<p><span style=\"color: #3366ff;\"><a href=\"https:\/\/elmer-herzig.de\/wp-content\/uploads\/2024\/09\/MAZ-Artikel-Heartbeat.pdf\">Heartbeat<\/a><\/span><\/p>\n<p><a href=\"http:\/\/www.elmer-herzig.de\/wp-content\/uploads\/2019\/11\/Publik-Forum-2017-6-10-0002.pdf\">Die Antreiber<\/a><\/p>\n<p><span style=\"color: #3366ff;\"><a href=\"https:\/\/kirchenkreis-potsdam.de\/was-wir-tun\/umweltarbeit.html\">\u00d6kumenischer \u00d6kologiekreis Potsdam<\/a><\/span><\/p>\n<p><a href=\"http:\/\/www.elmer-herzig.de\/wp-content\/uploads\/2010\/02\/BHKW-Planungsangebot-2013.pdf\">Potsdamer Oekocentfonds finanziert energetischen Planung von Blockheizkraftwerken (BHKW)<\/a><\/p>\n<p><a href=\"http:\/\/www.elmer-herzig.de\/wp-content\/uploads\/2011\/10\/Das-BHKW-im-Hasenheyer-Stift-Potsdam.pdf\">Das BHKW im Hasenheyer Stift Potsdam<\/a><\/p>\n<p><a href=\"https:\/\/youtu.be\/BS0xbBkSON0\" target=\"_blank\" rel=\"noopener\">Pelletsbeheizter neuartiger Stirlingmotor zur klimaneutralen Stromerzeugung<\/a><\/p>\n<p><span style=\"color: #0000ff;\"><a style=\"color: #0000ff;\" href=\"http:\/\/www.elmer-herzig.de\/wp-content\/uploads\/2011\/01\/PNN-10-11-2010-2.jpg\">Kirchentag-Klimapreis\u00a0f\u00fcr Erl\u00f6serkirchgemeinde<\/a><\/span><\/p>\n<p><span style=\"color: #3366ff;\"><a style=\"color: #3366ff;\" href=\"http:\/\/www.klimapartner-potsdam.de\/mediathek\/2012\/projektfilme-buergerschaft\/?tx_html5videoplayer_pivideoplayer%5Bvideo%5D=26&amp;tx_html5videoplayer_pivideoplayer%5Baction%5D=detail&amp;tx_html5videoplayer_pivideoplayer%5Bcontroller%5D=Videoplayer&amp;cHash=89042053bf4b20877d5d46ba0ca4177a\">Klimapreis 2012<\/a><\/span><\/p>\n<p><a href=\"http:\/\/www.klimapartner-potsdam.de\/mediathek\/2014\/projektfilme-buergerschaft\/?tx_html5videoplayer_pivideoplayer%5Bvideo%5D=50&amp;tx_html5videoplayer_pivideoplayer%5Baction%5D=detail&amp;tx_html5videoplayer_pivideoplayer%5Bcontroller%5D=Videoplayer&amp;cHash=98f92134f1d8957633e7c55f4bc559a6\"><span style=\"color: #3366ff;\">Klimapreis 2014<\/span><\/a><\/p>\n<h1><span style=\"color: #000000;\">Theologisches<\/span><\/h1>\n<p><a href=\"https:\/\/elmer-herzig.de\/wp-content\/uploads\/2024\/09\/Gott-leidet-mit-uns-in-der-Pandemie.pdf\">Gott leidet mit uns in der Pandemie<\/a><\/p>\n<p><span style=\"color: #0000ff;\"><a style=\"color: #0000ff;\" href=\"http:\/\/www.elmer-herzig.de\/wp-content\/uploads\/2011\/03\/pdfsam_Im-Reich-Gottes-ist-noch-Platz.pdf\">Im Reich Gottes ist noch Platz<\/a><\/span><\/p>\n<p><span style=\"color: #000000;\"><a href=\"https:\/\/elmer-herzig.de\/wp-content\/uploads\/2022\/05\/Dr.-Thesen-Haeresie.pdf\">Dr. Thesen H\u00e4resie<\/a><\/span><\/p>\n<p><span style=\"color: #0000ff;\"><a style=\"color: #0000ff;\" href=\"http:\/\/www.elmer-herzig.de\/wp-content\/uploads\/2011\/01\/pdfsam_Bittend-kommt-Gott-zur-Welt.pdf\">Bittend kommt Gott zur Welt<\/a><\/span><\/p>\n<h1><span style=\"color: #000000;\"><strong>P<\/strong><strong>olitisches<\/strong><\/span><\/h1>\n<p><a href=\"https:\/\/elmer-herzig.de\/wp-content\/uploads\/2024\/09\/Verfassungsergaenzungsvorschlag-2024.pdf\">Verfassungserg\u00e4nzungsvorschlag 2024<\/a><\/p>\n<p><a href=\"https:\/\/elmer-herzig.de\/wp-content\/uploads\/2024\/09\/Grundgesetz-Da-fehlt-doch-noch-was.pdf\">Grundgesetz Da fehlt doch noch was<\/a><\/p>\n<p><a href=\"http:\/\/www.elmer-herzig.de\/wp-content\/uploads\/2019\/11\/Demo_gedreht.pdf\">30 Jahre Friedliche Revolution<\/a><\/p>\n<p><span style=\"color: #3366ff;\"><strong><a style=\"color: #3366ff;\" href=\"https:\/\/www.youtube.com\/watch?v=hZzasDCoYfA\">SDP-Gr\u00fcndung am 7. Oktober 1989 in Schwante (Video)<\/a><\/strong><\/span><\/p>\n<p><span style=\"color: #0000ff;\"><a style=\"color: #0000ff;\" href=\"http:\/\/www.elmer-herzig.de\/wp-content\/uploads\/2010\/02\/Auf-den-Anfang-kommt-es-an.pdf\">Auf den Anfang kommt es an<\/a><\/span><br \/><span style=\"color: #000000;\"> Erinnerungen an die Gr\u00fcndung der Sozialdemokratischen Partei in der DDR \u2013 SDP am 7. Oktober 1989 in Schwante<\/span><\/p>\n<p><span style=\"color: #0000ff;\"><a style=\"color: #0000ff;\" href=\"http:\/\/www.youtube.com\/watch?v=0yUxVki6WK4\">Rede am 4. November 1989 auf der Gro\u00dfdemonstration auf dem Alexanderplatz <\/a><\/span><\/p>\n<p><span style=\"color: #0000ff;\"><span style=\"color: #3366ff;\"><a style=\"color: #3366ff;\" href=\"https:\/\/elmer-herzig.de\/wp-content\/uploads\/2022\/05\/4-Thesen-zur-Erinnerung-an-den-4.11.89.pdf\"><span style=\"color: #0000ff;\">4 Thesen zur Erinnerung an den 4.11.89<\/span><\/a><\/span><br \/><\/span><\/p>\n<p><span style=\"color: #0000ff;\"><a style=\"color: #0000ff;\" href=\"http:\/\/www.youtube.com\/watch?v=35rv4_6ET5M\">Rede zur Festveranstaltung\u00a0150 Jahre SPD am\u00a024. Mai 2013 in B\u00e4renklau<\/a><\/span><\/p>\n<p><a href=\"https:\/\/elmer-herzig.de\/wp-content\/uploads\/2022\/05\/Mitmenschlichkeit-und-Gemeinsinn-als-pdf.pdf\">Mitmenschlichkeit und Gemeinsinn als pdf<\/a><\/p>\n<!--[if lt IE 9]><script>document.createElement('audio');<\/script><![endif]-->\n<audio class=\"wp-audio-shortcode\" id=\"audio-160-1\" preload=\"none\" style=\"width: 100%;\" controls=\"controls\"><source type=\"audio\/mpeg\" src=\"https:\/\/elmer-herzig.de\/wp-content\/uploads\/2024\/09\/Mitmenschlichkeit.doc.mp3?_=1\" \/><a href=\"https:\/\/elmer-herzig.de\/wp-content\/uploads\/2024\/09\/Mitmenschlichkeit.doc.mp3\">https:\/\/elmer-herzig.de\/wp-content\/uploads\/2024\/09\/Mitmenschlichkeit.doc.mp3<\/a><\/audio>\n<p><span style=\"color: #0000ff;\"><a style=\"color: #0000ff;\" href=\"http:\/\/www.elmer-herzig.de\/wp-content\/uploads\/2011\/03\/pdfsam_Vor-u.Wirkungsgeschichte-des-Organisationsstatuts-d.-SDP.pdf\">Vor- und Wirkungsgeschichte des Organisationsstatuts der SDP<\/a><\/span><\/p>\n<p><span style=\"color: #0000ff;\"><a style=\"color: #0000ff;\" href=\"http:\/\/www.elmer-herzig.de\/wp-content\/uploads\/2011\/03\/Rede-z.Todestag-von-Rosa-Luxemburg-14.1.1990.pdf\">Rede zum Todestag von Rosa Luxemburg 14.1.1990<\/a><\/span><\/p>\n<p><span style=\"color: #0000ff;\"><a style=\"color: #0000ff;\" href=\"http:\/\/www.elmer-herzig.de\/wp-content\/uploads\/2011\/03\/pdfsam_Redebeitrag-4.11.1989-Alexanderplatz.pdf\">Redebeitrag 4.11.1989 Alexanderplatz<\/a><\/span><\/p>\n<p><span style=\"color: #0000ff;\"><a style=\"color: #0000ff;\" href=\"http:\/\/www.elmer-herzig.de\/wp-content\/uploads\/2011\/02\/Gleiche-Schuld-ungleiches-Schicksal-21.pdf\">Gleiche Schuld, ungleiches Schicksal<\/a><\/span><\/p>\n<p><a href=\"https:\/\/elmer-herzig.de\/wp-content\/uploads\/2022\/05\/Rede-zur-Bonn-Berlin-Hauptstadtentscheidung.pdf\">Rede zu Bonn-Berlin-Hauptstadtentscheidung<\/a><\/p>\n<p><span style=\"color: #0000ff;\"><a style=\"color: #0000ff;\" href=\"http:\/\/www.elmer-herzig.de\/wp-content\/uploads\/2011\/10\/Nationalfeiertag-9.-statt-3.-Oktober..pdf\">Nationalfeiertag 9. statt 3. Oktober.pdf<\/a><\/span><\/p>\n<p><a href=\"https:\/\/elmer-herzig.de\/wp-content\/uploads\/2022\/05\/In-Schwante-Geschichte-geschrieben.pdf\">In Schwante Geschichte geschrieben<\/a><\/p>\n<p><span style=\"color: #0000ff;\"><a style=\"color: #0000ff;\" href=\"http:\/\/www.elmer-herzig.de\/wp-content\/uploads\/2011\/01\/Microsoft-Word-Brief-an-Bundeskanzlerin-Merkel-9.11.09.pdf\">Brief an Bundeskanzlerin Merkel<\/a><\/span><\/p>\n<p><span style=\"color: #0000ff;\"><a style=\"color: #0000ff;\" href=\"http:\/\/www.elmer-herzig.de\/?p=82\">Innerparteiliche R\u00e4tedemokratie<\/a><\/span><br \/><span style=\"color: #000000;\"> Zwischen Basis-Ideologie und Kanzlerwahlverein &#8211; Unerledigte Anfragen aus dem Statut der SDP<\/span><\/p>\n<p><span style=\"color: #0000ff;\"><a style=\"color: #0000ff;\" href=\"http:\/\/www.elmer-herzig.de\/?p=84\">Gegendarstellung zu Erhart Neuberts<\/a><\/span><br \/><span style=\"color: #000000;\"> Interpretation der Vorg\u00e4nge um den Friedenskreis der ESG-Berlin(Ost)<\/span><br \/><span style=\"color: #000000;\"> In seinem Buch: \u201eGeschichte der Opposition in der DDR 1949-1989\u201c<\/span><\/p>\n<p><span style=\"color: #0000ff;\"><a style=\"color: #0000ff;\" href=\"http:\/\/www.elmer-herzig.de\/?p=99\">4 Thesen zur Erinnerung an den 4. 11. 1989<\/a><\/span><\/p>\n<p><span style=\"color: #0000ff;\"><a style=\"color: #0000ff;\" href=\"http:\/\/www.elmer-herzig.de\/wp-content\/uploads\/2011\/01\/Nichts-muss-bleiben-wie-es-ist-leicht-gek\u00fcrzt-_3_.pdf\">Nichts muss bleiben, wie es ist<\/a><\/span><span style=\"color: #0000ff;\">\u00a0<\/span><\/p>\n<h1><span style=\"color: #000000;\"><strong>Philosophiekreis<\/strong><\/span><\/h1>\n<p><span style=\"text-decoration: underline; color: #3366ff;\"><a style=\"color: #3366ff;\" href=\"http:\/\/www.elmer-herzig.de\/wp-content\/uploads\/2012\/03\/Hoppe-posthum1.pdf\">Konrad Hoppe, Das Weber-Fechner&#8217;sche Gesetz unter besonderer Ber\u00fccksichtigung des Weber&#8217;schen Gesetzes<\/a>. <span style=\"text-decoration: underline;\">Posthum 2012<\/span><\/span><\/p>\n<p><span style=\"text-decoration: underline; color: #3366ff;\"><span style=\"text-decoration: underline;\">Konrad Hoppe,\u00a0<a style=\"color: #3366ff; text-decoration: underline;\" href=\"http:\/\/www.ewald-gerth.de\/Weber-Fechner.pdf\" rel=\"nofollow\">\u00a0<\/a><\/span><a style=\"color: #3366ff;\" href=\"http:\/\/www.ewald-gerth.de\/Weber-Fechner.pdf\" rel=\"nofollow\">Das Weber-Fechner&#8217;sche Gesetz unter besonderer Ber\u00fccksichtigung der S\u00fc\u00dfintensit\u00e4t.<\/a><\/span><\/p>\n<h1><span style=\"color: #000000;\"><strong>Pers\u00f6nliches<\/strong><\/span><\/h1>\n<p><a href=\"http:\/\/www.elmer-herzig.de\/wp-content\/uploads\/2010\/02\/Superintendent-Zehner-zur-Verabschiedung-von-Pfarrer-Elmer-Herzig-in-den-Ruhestand.docx\">Superintendent Dr. Zehner, Abschiedspredigt zu meiner Pensionierung 2014<\/a><\/p>\n\n\n<pre class=\"wp-block-code\"><code><\/code><\/pre>\n\n\n\n<p><\/p>\n","protected":false},"excerpt":{"rendered":"<p>\u00d6kologisches Heartbeat Die Antreiber \u00d6kumenischer \u00d6kologiekreis Potsdam Potsdamer Oekocentfonds finanziert energetischen Planung von Blockheizkraftwerken (BHKW) Das BHKW im Hasenheyer Stift Potsdam Pelletsbeheizter neuartiger Stirlingmotor zur klimaneutralen Stromerzeugung Kirchentag-Klimapreis\u00a0f\u00fcr Erl\u00f6serkirchgemeinde Klimapreis 2012 Klimapreis 2014 Theologisches Gott leidet mit uns in der Pandemie Im Reich Gottes ist noch Platz Dr. Thesen H\u00e4resie Bittend kommt Gott zur Welt [&hellip;]<\/p>\n","protected":false},"author":2,"featured_media":0,"parent":0,"menu_order":0,"comment_status":"open","ping_status":"closed","template":"","meta":{"footnotes":""},"_links":{"self":[{"href":"https:\/\/elmer-herzig.de\/index.php?rest_route=\/wp\/v2\/pages\/160"}],"collection":[{"href":"https:\/\/elmer-herzig.de\/index.php?rest_route=\/wp\/v2\/pages"}],"about":[{"href":"https:\/\/elmer-herzig.de\/index.php?rest_route=\/wp\/v2\/types\/page"}],"author":[{"embeddable":true,"href":"https:\/\/elmer-herzig.de\/index.php?rest_route=\/wp\/v2\/users\/2"}],"replies":[{"embeddable":true,"href":"https:\/\/elmer-herzig.de\/index.php?rest_route=%2Fwp%2Fv2%2Fcomments&post=160"}],"version-history":[{"count":115,"href":"https:\/\/elmer-herzig.de\/index.php?rest_route=\/wp\/v2\/pages\/160\/revisions"}],"predecessor-version":[{"id":500,"href":"https:\/\/elmer-herzig.de\/index.php?rest_route=\/wp\/v2\/pages\/160\/revisions\/500"}],"wp:attachment":[{"href":"https:\/\/elmer-herzig.de\/index.php?rest_route=%2Fwp%2Fv2%2Fmedia&parent=160"}],"curies":[{"name":"wp","href":"https:\/\/api.w.org\/{rel}","templated":true}]}}